11 is divided by 3616156.
287
Calculate the remainder when 20998 is divided by 2574.
406
What is the remainder when 5106454 is divided by 425537?
10
What is the remainder when 390139 is divided by 194955?
229
Calculate the remainder when 328836 is divided by 7981.
1615
What is the remainder when 158989 is divided by 983?
726
Calculate the remainder when 5906434 is divided by 813.
802
Calculate the remainder when 62749 is divided by 20.
9
What is the remainder when 30507 is divided by 1959?
1122
Calculate the remainder when 1501277 is divided by 5194.
211
Calculate the remainder when 8067705 is divided by 9.
6
Calculate the remainder when 9125848 is divided by 1916.
1856
What is the remainder when 8781825 is divided by 167?
130
Calculate the remainder when 1129069 is divided by 1137.
28
Calculate the remainder when 24895 is divided by 24.
7
Calculate the remainder when 29833 is divided by 2943.
403
Calculate the remainder when 2294055 is divided by 6649.
150
Calculate the remainder when 7007253 is divided by 6.
3
Calculate the remainder when 8435 is divided by 8318.
117
Calculate the remainder when 1796913 is divided by 898375.
163
What is the remainder when 666657 is divided by 222204?
45
Calculate the remainder when 92013 is divided by 45826.
361
Calculate the remainder when 2032509 is divided by 4588.
25
What is the remainder when 5124179 is divided by 334?
285
What is the remainder when 795377697 is divided by 2041?
2038
What is the remainder when 1632140 is divided by 7923?
2
What is the remainder when 218698 is divided by 24262?
340
What is the remainder when 1395668 is divided by 697510?
648
Calculate the remainder when 21775 is divided by 1054.
695
What is the remainder when 4737462 is divided by 89386?
4
What is the remainder when 36280 is divided by 27?
19
What is the remainder when 59323304 is divided by 2655?
2639
What is the remainder when 15773006 is divided by 824?
822
Calculate the remainder when 1103664 is divided by 367876.
36
What is the remainder when 809379 is divided by 1415?
1414
Calculate the remainder when 214368 is divided by 341.
220
What is the remainder when 783761 is divided by 156727?
126
What is the remainder when 6304915 is divided by 6304871?
44
What is the remainder when 3481251 is divided by 1026?
33
What is the remainder when 24991896 is divided by 101?
52
What is the remainder when 154687832 is divided by 14?
12
What is the remainder when 250540 is divided by 1046?
546
Calculate the remainder when 10397257 is divided by 459.
448
What is the remainder when 68581410 is divided by 51?
27
Calculate the remainder when 5613567 is divided by 107953.
11
Calculate the remainder when 8359022 is divided by 25.
22
What is the remainder when 39107 is divided by 13029?
20
Calculate the remainder when 192686 is divided by 3062.
2842
What is the remainder when 289693956 is divided by 20?
16
Calculate the remainder when 1562910 is divided by 2192.
14
Calculate the remainder when 5092689 is divided by 1033.
1032
What is the remainder when 10998064 is divided by 234001?
17
Calculate the remainder when 1687560 is divided by 421888.
8
What is the remainder when 5578861 is divided by 547?
8
What is the remainder when 243415 is divided by 60815?
155
Calculate the remainder when 19413 is divided by 9506.
401
Calculate the remainder when 254921 is divided by 304.
169
Calculate the remainder when 3407612 is divided by 178.
158
What is the remainder when 884643 is divided by 21060?
123
Calculate the remainder when 46541 is divided by 5.
1
Calculate the remainder when 5096339 is divided by 545.
44
What is the remainder when 50299532 is divided by 5151?
17
What is the remainder when 369700599 is divided by 184850291?
17
What is the remainder when 5214797 is divided by 444?
17
What is the remainder when 57383 is divided by 28617?
149
What is the remainder when 14261564 is divided by 491?
469
What is the remainder when 9040 is divided by 1761?
235
Calculate the remainder when 2194244023 is divided by 15.
13
What is the remainder when 1056880 is divided by 85?
75
Calculate the remainder when 5004917 is divided by 2726.
2707
What is the remainder when 5565413 is divided by 588?
581
Calculate the remainder when 42920 is divided by 1770.
440
What is the remainder when 20023384 is divided by 42?
10
What is the remainder when 1568723 is divided by 860?
83
Calculate the remainder when 122897 is divided by 2564.
2389
What is the remainder when 857097 is divided by 135?
117
Calculate the remainder when 103807 is divided by 11134.
3601
Calculate the remainder when 655621 is divided by 7035.
1366
Calculate the remainder when 63996 is divided by 15872.
508
Calculate the remainder when 884456 is divided by 67.
56
Calculate the remainder when 14629200 is divided by 155.
145
What is the remainder when 3213340 is divided by 1047?
97
What is the remainder when 36387871 is divided by 1920?
31
What is the remainder when 49011 is divided by 8025?
861
What is the remainder when 13683 is divided by 2692?
223
What is the remainder when 13990598 is divided by 1232?
6
What is the remainder when 64860338 is divided by 530?
528
Calculate the remainder when 146033966 is divided by 173.
168
What is the remainder when 4456292 is divided by 33?
5
Calculate the remainder when 150304 is divided by 282.
280
What is the remainder when 6210292 is divided by 657?
328
What is the remainder when 33031657 is divided by 33031625?
32
Calculate the remainder when 368446 is divided by 59.
50
What is the remainder when 1643680 is divided by 31?
29
What is the remainder when 9137234 is divided by 1837?
1833
Calculate the remainder when 4790374 is divided by 804.
142
Calculate the remainder when 258385 is divided by 15196.
53
What is the remainder when 21631018 is divided by 1170?
58
Calculate the remainder when 31373513 is divided by 27.
26
Calculate the remainder when 874432 is divided by 182.
104
Calculate the remainder when 1146267 is divided by 4622.
11
Calculate the remainder when 162315 is divided by 23180.
55
What is the remainder when 160657645 is divided by 613197?
31
Calculate the remainder when 12055385 is divided by 3013833.
53
What is the remainder when 22207810 is divided by 332?
330
What is the remainder when 177835 is divided by 55467?
11434
Calculate the remainder when 4974387 is divided by 10.
7
What is the remainder when 631393 is divided by 631380?
13
Calculate the remainder when 46983546 is divided by 907.
39
Calculate the remainder when 7755404 is divided by 3530.
3524
Calculate the remainder when 444832 is divided by 2870.
2852
What is the remainder when 11464 is divided by 142?
104
Calculate the remainder when 84809 is divided by 560.
249
What is the remainder when 3514450 is divided by 2394?
58
Calculate the remainder when 7128547 is divided by 51.
22
What is the remainder when 10629255 is divided by 71819?
43
Calculate the remainder when 5914956 is divided by 2082.
2076
Calculate the remainder when 308158 is divided by 846.
214
What is the remainder when 4737990 is divided by 1184494?
14
Calculate the remainder when 288827 is divided by 277.
193
What is the remainder when 26765 is divided by 3430?
2755
What is the remainder when 1228724 is divided by 61436?
4
Calculate the remainder when 1189691 is divided by 396543.
62
Calculate the remainder when 67651 is divided by 870.
661
Calculate the remainder when 208107 is divided by 239.
177
What is the remainder when 184643 is divided by 1137?
449
What is the remainder when 9407030 is divided by 2486?
6
What is the remainder when 15494 is divided by 703?
28
Calculate the remainder when 2126490 is divided by 708825.
15
Calculate the remainder when 1017654 is divided by 8013.
3
Calculate the remainder when 58757177 is divided by 144.
137
Calculate the remainder when 24538 is divided by 1198.
578
Calculate the remainder when 196819 is divided by 2070.
169
Calculate the remainder when 1207209 is divided by 832.
809
What is the remainder when 282980 is divided by 110?
60
Calculate the remainder when 1675736 is divided by 1703.
1687
Calculate the remainder when 856264 is divided by 209.
200
What is the remainder when 1311740 is divided by 105?
80
What is the remainder when 2575011 is divided by 176?
131
Calculate 